{"id":1213,"date":"2025-10-27T17:32:12","date_gmt":"2025-10-27T17:32:12","guid":{"rendered":"https:\/\/renacerenaixer.es\/?page_id=1213"},"modified":"2025-11-23T17:07:10","modified_gmt":"2025-11-23T17:07:10","slug":"adn-estatutos-para-espana","status":"publish","type":"page","link":"https:\/\/renacerenaixer.es\/atln\/adn-estatutos-para-espana\/","title":{"rendered":"ADN \/ Estatutos para Espa\u00f1a"},"content":{"rendered":"<div data-elementor-type=\"wp-page\" data-elementor-id=\"1213\" class=\"elementor elementor-1213\" data-elementor-post-type=\"page\">\n\t\t\t\t<div class=\"elementor-element elementor-element-7edd5f7d e-flex e-con-boxed e-con e-parent\" data-id=\"7edd5f7d\" data-element_type=\"container\" data-e-type=\"container\" data-settings=\"{&quot;background_background&quot;:&quot;classic&quot;}\">\n\t\t\t\t\t<div class=\"e-con-inner\">\n\t\t\t\t<div class=\"elementor-element elementor-element-68c74229 elementor-widget elementor-widget-heading\" data-id=\"68c74229\" data-element_type=\"widget\" data-e-type=\"widget\" data-widget_type=\"heading.default\">\n\t\t\t\t<div class=\"elementor-widget-container\">\n\t\t\t\t\t<h2 class=\"elementor-heading-title elementor-size-default\">Conoce nuestros estatutos<\/h2>\t\t\t\t<\/div>\n\t\t\t\t<\/div>\n\t\t\t\t\t<\/div>\n\t\t\t\t<\/div>\n\t\t<div class=\"elementor-element elementor-element-05498d8 e-flex e-con-boxed e-con e-child\" data-id=\"05498d8\" data-element_type=\"container\" data-e-type=\"container\">\n\t\t\t\t\t<div class=\"e-con-inner\">\n\t\t\t\t<div class=\"elementor-element elementor-element-3fb4b6a elementor-widget elementor-widget-heading\" data-id=\"3fb4b6a\" data-element_type=\"widget\" data-e-type=\"widget\" data-widget_type=\"heading.default\">\n\t\t\t\t<div class=\"elementor-widget-container\">\n\t\t\t\t\t<h2 class=\"elementor-heading-title elementor-size-default\">ADN \/ Estatutos para Espa\u00f1a<\/h2>\t\t\t\t<\/div>\n\t\t\t\t<\/div>\n\t\t\t\t<div class=\"elementor-element elementor-element-dca3fdc elementor-widget__width-initial elementor-widget elementor-widget-text-editor\" data-id=\"dca3fdc\" data-element_type=\"widget\" data-e-type=\"widget\" data-widget_type=\"text-editor.default\">\n\t\t\t\t<div class=\"elementor-widget-container\">\n\t\t\t\t\t\t\t\t\t<p>Y\u00e1 visti fai un momentu les munches de les idees qu&#8217;ufiertamos. Evidentemente , toos estos puntos van ser ampliaos col tiempu, conforme&#8217;l part\u00edu vaiga conociendo en persona (o con informaciones que nos lleguen o nos inform\u00e9is) el territoriu nacional, llenu de problemes y poques soluciones reales. Vamos Poner m\u00e1s, anque habr\u00eda qu&#8217;escribir mil p\u00e1xines. Ten por segura xuna cosa, vamos camudar la realid\u00e1 cueste lo que cueste, porque se debe y pu\u00e9dese. Lo \u00fanico que nun se puede camudar ye la muerte.<\/p><p>I.La corrupci\u00f3n es pobreza social, alimentada en el \u00e1mbito pol\u00edtico\/empresarial. Cuando se adjudica obra p\u00fablica, una empresa presenta una oferta muy baja, y gana a competidores legales. Despu\u00e9s, ya ganada, se modifica al alza el coste y reparte el dinero con los pol\u00edticos, por eso, hay que poner controles posteriores al conseguirse la obra.<\/p><p>II.Protecci\u00f3n con instrumentos jur\u00eddicos, a los denunciantes por corrupci\u00f3n, que evite represalias y que le corten su ascenso en la administraci\u00f3n, en todo caso, premiarlos.<\/p><p>III.Profesionalizar el funcionariado eliminando los nombramientos internos que realizan los partidos en empresas que tienen alg\u00fan tipo de presencia p\u00fablica como sociedades estatales, nombr\u00e1ndose, previa selecci\u00f3n meritocr\u00e1tica, profesionales del ramo, con experiencia probada y val\u00eda, evitando redes clientelares.<\/p><p>IV.Prohibir las puertas giratorias y\/o cargos de asesoramiento, imponiendo multa que suponga el salario conseguido en ese nuevo cargo.<\/p><p>V.Que la Ley de Transparencia elimine las excepciones y causas de inadmisi\u00f3n en la aportaci\u00f3n de datos y adem\u00e1s pueda imponer sanciones y medidas de ejecuci\u00f3n forzosa de car\u00e1cter coercitivo.<\/p><p>VI.Prohibir el derecho a modificar los contratos de obras por imprevisibilidad o por nuevas necesidades o conveniencias pol\u00edticas, ya que pervierte el sistema de contrataci\u00f3n publica y la libre competencia, siendo la empresa la que asuma esa modificaci\u00f3n, no el erario p\u00fablico.<\/p><p>VII.Control detallado en la contrataci\u00f3n directa por el procedimiento de urgencia y contratos menores, ya que son un coladero tambi\u00e9n de corrupci\u00f3n.<\/p><p>VIII.La Ley no puede ser el\u00e1stica y dejar huecos ni a los corruptores ni al corrompido, desde el nivel local, auton\u00f3mico y estatal, acotando el margen de maniobra de los pol\u00edticos en materia urban\u00edstica, gracias a instrumentos de control, supervisi\u00f3n externa y justificaci\u00f3n t\u00e9cnica.<\/p><p>IX.Que cualquier empresa que haya estado implicada en cargos de corrupci\u00f3n , sea eliminada de cualquier concurso a obra p\u00fablica.<\/p><p>X.Establecer controles cruzados entre administraciones<\/p><p>XI.Perseguir artima\u00f1as como el fraccionamiento del precio de las obras para no superar el l\u00edmite legal que obliga a realizar un procedimiento con publicidad.<\/p><p>XII.Antes de numerar algunas ideas irrenunciables, debemos ser realistas, y sin dinero, no hay podemos llevar a cabo muchas importantes reformas. En un Estado endeudado como \u00e9ste, hay una Hipertrofia de caras e in\u00fatiles instituciones, donde chapotea un neo-caciquismo que solo sirve para colocar politicos, crear Barones territoriales ineficaces y se desarrolla una sangr\u00eda econ\u00f3mica que va a m\u00e1s. Por eso:<\/p><p>A) ELIMINAR EL SENADO: No aporta nada, el Congreso de los Diputados es suficiente para desarrollar las funciones legislativas, de control del Gobierno y de representaci\u00f3n pol\u00edtica, solo duplica funciones. Nueva Zelanda, Canad\u00e1, Suecia, Dinamarca lo han eliminado. Cuesta 63 millones de euros anuales.<br \/>B) ELIMINAR DIPUTACIONES: Justificadas porque ellas garantizan servicios p\u00fablicos esenciales de su municipio, es mentira, la principal partida de gasto de las diputaciones es su propia estructura y los sueldos de sus diputados y funcionarios, muchos de ellos designados a dedo o fruto del nepotismo. Presupuesto de 29000 millones de euros con 2400 sueldos p\u00fablicos.<br \/>C) ELIMINAR AFORAMIENTOS: el no poder juzgar en un mismo delito en el mismo tribunal, si uno de los delincuente es politico aforado y otro no, es anormal y discriminatorio.<br \/>D) ELIMINAR COMPETENCIAS AUTON\u00d3MICAS: Las autonom\u00edas se han convertido en microestados, donde competencias como la sanidad, urbanismo, emergencias, entre otras, han fracasado y cada vez que una crisis nos ha golpeado, ha causado una cantidad inaudita de muertes, ineficacia, improvisaci\u00f3n, duplicidad y lentitud, aparte de un despilfarro econ\u00f3mico evitable, si hay un Estado que funciona. Recordemos que las Autonom\u00edas cuestan 88.000 millones.<\/p><p>XIII. Contribuyir democr\u00e1ticamente a la formaci\u00f3n de la volunt\u00e1 pol\u00edtica de la ciudadan\u00eda, seg\u00fan promover la so participaci\u00f3n nes instituciones representatives de calter pol\u00edticu por aciu la presentaci\u00f3n y sofitu de candidatures nes correspondientes elecciones. Am\u00e1s puede considerase&#8217;l primer part\u00edu cre\u00e1u para sofitar, defender y prevenir a la socied\u00e1 delantre d&#8217;unes situaciones clim\u00e1tiques estremes, pand\u00e9miques y replantegar l&#8217;urbanismu actual que nun ta prepar\u00e1u para estes nueves crisis; un urbanismu fondi\u00e1u en par\u00e1metros desfasaos , entemec\u00edos con mala praxis pol\u00edtica, que favorez innumberables casos de corrupci\u00f3n y destrucci\u00f3n nel nuesu territoriu. Inclusive nos meses posteriores a la Dana, aprovech\u00f3se para dexar m\u00e1s rienda suelta a un urbanismu cola escusa de qu&#8217;hasta agora tou yeren barreres al desenvolvimientu. Les necesidaes de la socied\u00e1 a nivel urban\u00edsticu, realmente fuelga en poder tener un techu onde vivir, y nun fomentar la construcci\u00f3n y reconstrucci\u00f3n d&#8217;edificios para inversi\u00f3n y especulaci\u00f3n d&#8217;una minor\u00eda econ\u00f3mica (y\u00e1 na so mayor\u00eda en manos de fondos estranxeros que baleren ciudaes de los sos aut\u00e9nticos habitantes). La ocupaci\u00f3n, munches vegaes en manos de mafies, tami\u00e9n riolen al so gustu. Esto cre\u00f3 una clase pol\u00edtica y part\u00edos, costantemente somorguiaos en casos de corrupci\u00f3n que dixebren cada vez m\u00e1s a la socied\u00e1 de la democracia y de la so pr\u00e1ctica por aciu la pol\u00edtica, poniendo en claru peligru la democracia, creyendo quim\u00e9ricamente, que votando a part\u00edos radicales, va solucionase.<\/p><p>Por ello, nun podemos quedanos contemplando esti espect\u00e1culu indecente, qu&#8217;acaro\u00f1a la socied\u00e1 y afonda la so quebra. Por ello, non s&#8217;a va dexar que fondos econ\u00f3micos especulativos, que y\u00e1 nun pueden especular n&#8217;otros pa\u00edses gracies a una regulaci\u00f3n, conviertan les nueses ciudaes y pueblos, nes sos v\u00edctimes aparentes.<\/p><p>XIV. A esto tenemos de a\u00f1edir situaciones clim\u00e1tiques estremes, cada vez m\u00e1s radicales, que dexaron claro, que superen a tolos responsables pol\u00edticos de too signu pol\u00edticu. La clase pol\u00edtica respondi\u00f3 tarde y mal, non solo cola dana sin\u00f3n tami\u00e9n cola pandemia del Covid, tando carentes de la capacid\u00e1 d&#8217;asumir responsabilidaes, carentes de respuestes eficaces y r\u00e1pides, xunt\u00e1ndose am\u00e1s engarradielles pol\u00edtiques infames, que desacreditan a la democracia. Cond\u00e9rguennos a ver repitir la mesmos erros, en distintos escenarios de crisis, porque am\u00e1s nun enceten los problemes m\u00e1s all\u00e1 de lo que duren les sos llexislatures y vida pol\u00edtica personal. Por ello, ye deber del nuesu part\u00edu, volver crear l&#8217;enfotu de los ciudadanos na pol\u00edtica, crear un urbanismu racional y soluciones efectives a les crisis de distintu tipu que cada vez son m\u00e1s recurrentes, dando soluciones primero qu&#8217;asocedan los problemes . Reorientar l&#8217;urbanismu empleg\u00e1ndolo para ameyorar la vida y la segurid\u00e1, y nun para financiar part\u00edos, nin arriquecer pol\u00edticos, controlando les sos actuaciones y focalizando la construcci\u00f3n nel respetu al patrimoniu natural y hest\u00f3ricu, nel bien com\u00fan y valorando los peligros del llugar en situaciones clim\u00e1tica estremes.<\/p><p>XV. Vamos Encetar, am\u00e1s d&#8217;estes situaciones de crisis y desastre clim\u00e1ticu\/humanu, otru aspeutu que nun puede dixebrase del anterior, y ye el de les crisis pand\u00e9miques que nos azotaron y van azotar como seres humanos, evitando volver cayer nuna situaci\u00f3n d&#8217;improvisaci\u00f3n, caos y paral\u00eds social, preparando la socied\u00e1 para amenaces que y\u00e1 nun son xuna quimera, sin\u00f3n xuna realid\u00e1 que y\u00e1 nos cuti\u00f3, y que primero o m\u00e1s tarde, volver\u00e1n visitanos nos, bien a pesar nuesu, poni\u00e9ndonos de nuevu contra les cuerdes como colectivu. D&#8217;esta miente, va haber planes de fabricaci\u00f3n y accesu de m\u00e1zcaros lo mesmo que de otros elementos necesarios para emerxencies, llugares de tratamientu de pacientes y accesu a la comida y bebida a ciudadanos. Coles mesmes, coordinaci\u00f3n ya informaci\u00f3n de cualquier informaci\u00f3n importante para encetar la emerxencia y busca de soluciones.<\/p><p>XVI. Ayudes a el llabradores y ganaderos en defensa de la so esistencia y la de los sos descendientes, para nun vese esaniciaos del so h\u00e1bitat por culpa d&#8217;importaciones d&#8217;esplotaciones en manos d&#8217;oligarques colos que ye imposible competir y caltener un modus vivendi dignu con est\u00e1ndares europeos.<\/p><p>XVII. Prohibir la eliminaci\u00f3n de campos de cultivu para la construcci\u00f3n de parques solares, faciendo qu&#8217;esa enerx\u00eda solar s\u00edan enllantaes en toos les terraces de n\u00facleos urbanos, de la que primero se beneficiar\u00e1n los vecinos que tengan eses plaques. Tami\u00e9n se va fomentar la creaci\u00f3n de techos verdes, esto ye, g\u00fcertos de cultivos hidrop\u00f3nicos eficientes nes terraces d&#8217;edificios p\u00fablicos (seg\u00fan sobre finques que la pidan), calten\u00edos por poblaci\u00f3n hasta ent\u00f3s en paru, que trabaye nel so caltenimientu para&#8217;l conceyu local, que la so collecha y beneficios s\u00edan para los vecinos y fines sociales.<\/p><p>XVIII. A les poblaciones del Est\u00e1u Espa\u00f1ol que nun fueron afectaes, pero qu&#8217;entienden qu&#8217;el nuesu mundu actual ta siendo cut\u00edu (y va ser ent\u00e1 m\u00e1s en tiempos vinientes), por toa xuna serie de fen\u00f3menos clim\u00e1ticos, que ponen en peligru la mesma esistencia de la Humanid\u00e1 tal que la conocemos, seg\u00fan el so normal aportar, ufierta-yos toles soluciones posibles que s&#8217;afaigan a la localid\u00e1, evitando que cuerran riesgos presentes y futuros. Por tollo nel so conxuntu, van analizase los riesgos, seg\u00fan la situaci\u00f3n actual de les localidaes en tolos sos aspeutos, apurriendo soluciones.<\/p><p>XIX. Qu&#8217;esa reconstrucci\u00f3n y preparaci\u00f3n para futuros riesgos, nun s\u00eda la oportunid\u00e1 especulativa per parte de quien tienen como priorid\u00e1 arriquecese gracies a venceyos pol\u00edticos, polo que nun van poder participar nesti procesu, empreses que fueren condergaes pola xusticia en dalg\u00fan momentu precedente por actividaes irregulares qu&#8217;afect\u00e1u al erariu p\u00fablicu local, auton\u00f3micu o estatal.<\/p><p>XX. Teniendo en cuenta que nel mundu actual, munchos gobiernos en distintos \u00e1mbitos y niveles t\u00e1n desafiando les lleis cient\u00edfiques poniendo en peligru con ellos a los sos conciudadanos, y nun respuenden a les acucioses necesidaes y crisis que tamos sufriendo , vamos recurrir a una collaboraci\u00f3n esencial, esto ye, al mundu cient\u00edficu y les sos instituciones, por tanto, vamos estrechar llazos de primer orde con instituciones cient\u00edfiques tantu auton\u00f3miques, nacionales como internacionales, qu&#8217;ufierten soluciones cient\u00edfiques reales y aplicables a toa esta problem\u00e1tica en que vemos somorguiaos y tamos sufriendo, directa y\/o indirectamente.<\/p><p>XXI. Vamos Buscar el plenu empl\u00e9u na localid\u00e1 onde podamos exercer gobiernu.<\/p><p>XXII. Vamos Revisar los salarios seg\u00fan xub\u00edes realizaes nos \u00faltimos a\u00f1os de sueldos de los pol\u00edticos de los conceyos, miembros d&#8217;instituciones auton\u00f3miques y estatales, y vamos amenorgar esos gastos, tantu amenorgando&#8217;l sueldu como esaniciando aquellos salarios y cargos que resulten doblaos y\/o ineficaces, seg\u00fan organismos que tengan funciones puedan ser realizaos por otros.<\/p><p>XXIII. Eliminaci\u00f3n de los aforamientos pol\u00edticos, una lacra que crea impunid\u00e1 y desiguald\u00e1 de xusticia ente ciudadanos.<\/p><p>XXIV. Qu&#8217;el Est\u00e1u seg\u00fan bomberos d&#8217;otres autonom\u00edes (que tienen de tener contactu directu ya inmediatu), puedan allegar n&#8217;ayuda delantre de cat\u00e1strofes naturales, ensin torgues, coordinaos cola autonom\u00eda nel llugar. L&#8217;Est\u00e1u, que ye quien tien la capacid\u00e1 y medios eficaces, previa informaci\u00f3n y comunicaci\u00f3n del deleg\u00e1u\/a del Gobiernu na autonom\u00eda, ensin recurrir al 155, va poder intervenir na autonom\u00eda afectada por una cat\u00e1strofe. L&#8217;Autonom\u00eda, va acompa\u00f1ar na xesti\u00f3n. Nos desastres, la rapidez necesaria pa salvar vides, como se demostr\u00f3 y demuestra, les v\u00edctimes, nesos momentos nun entienden d&#8217;autonom\u00edes, nin de pol\u00edticos, nin de les sos capacidaes, incapacidaes, caprichos, sensibilidaes auton\u00f3miques o ideolox\u00edes.<\/p><p>XXV. Ayuda concreta a los Mozos entamadores y puesta en marcha de los sos proyectos.<\/p><p>XXVI. Construcci\u00f3n de viviendes VPO pa lluchar contra los precios tresmandaos de les viviendes, pero con un control que tenga en cuenta los elementos que se contemplen nel siguiente puntu.<\/p><p>XXVII. Que la construcci\u00f3n de nueva vivienda, traiga la protecci\u00f3n de los espacios naturales qu&#8217;ent\u00e1 caltienen elementos naturales y la g\u00fcerta (que nun significa evitar realizar les infraestructures y estructures pa la protecci\u00f3n de les poblaciones, que ye&#8217;l m\u00e1ximu oxetivu) por que nun s\u00edan la presa siguida de la construcci\u00f3n qu&#8217;acaba convirtiendo los conceyos, na secci\u00f3n executora de el constructores, qu&#8217;en tantos casos de corrupci\u00f3n avafaron la nuesa pol\u00edtica en tolos niveles.<\/p><p>XXVIII. Que les cases y pisos que s&#8217;atopen ensin ser habitaos, s\u00edan catalogaos y pueda algamar un alcuerdu colos propietarios particulares, pal arriendu o vienta, incentivando al propietariu pero nunca obligando a faelo.<\/p><p>XXIX. Aquellos bancos qu&#8217;activos o absorb\u00edos, recibieren ayuda del est\u00e1u pal so rescate y que son grandes beneficiaos con dineru p\u00fablico, van tar obligaos a alquiler\/venta de les propiedaes na so haber y ayuda n&#8217;emprestamos a la xente nuevo pa la so vivienda, en compensaci\u00f3n del esfuerzu realiz\u00e1u pol Est\u00e1u, que representa a tolos ciudadanos.<\/p><p>XXX. Los espacios naturales, que tami\u00e9n son v\u00edctimes afectaes na situaci\u00f3n clim\u00e1tica trestornada, lo mesmo que de el tresformamientu despiad\u00e1u del ser humanu nel espaciu y paisaxe, van recibir xuna atenci\u00f3n especial y mid\u00edes espec\u00edfiques de protecci\u00f3n real delantre d&#8217;estos fen\u00f3menos cambiantes y que los ponen en peligru.<\/p><p>XXXI. va practicase la democracia directa ufiertando al pueblu la posibilid\u00e1 de pronunciase sobro temes qu&#8217;afecten a la poblaci\u00f3n. La iniciativa tanto puede ser del conceyu como del pueblu y el refer\u00e9ndum son los preseos clave del sistema democr\u00e1ticu-directu. Asina&#8217;l pueblu va tener xuna participaci\u00f3n sustancial nes decisiones pol\u00edtiques en tolos \u00e1mbitos. La iniciativa popular ufierta a los ciudadanos y ciudadanes la posibilid\u00e1 de presentar les sos propuestes, y d&#8217;esta miente agu\u00edyase o reinicia l&#8217;alderique pol\u00edticu sobro una tema espec\u00edfica.<\/p><p>XXXII. A \u00faltima hora, la llucha pola meyora de les condiciones de vida de les persones, defendiendo los sos derechos, la so segurid\u00e1, les sos vides, el so presente y futuru, fomentando la so participaci\u00f3n, d\u00e1ndo-yos voz y votu en tomar de decisiones de les pol\u00edtiques p\u00fabliques a desenvolver, creando y\/o utilizando preseos de participaci\u00f3n real al algame de toos . Igualmente, crear v\u00edes de comunicaci\u00f3n directa y efectiva coles persones, ufiertando informaci\u00f3n detallada de too aquello a realizar, lo mesmo que de les meyores y progresos realizaos.<\/p>\t\t\t\t\t\t\t\t<\/div>\n\t\t\t\t<\/div>\n\t\t\t\t\t<\/div>\n\t\t\t\t<\/div>\n\t\t\t\t<\/div>","protected":false},"excerpt":{"rendered":"<p>Conoce nuestros estatutos ADN \/ Estatutos para Espa\u00f1a Y\u00e1 visti fai un momentu les munches de les idees qu&#8217;ufiertamos. Evidentemente , toos estos puntos van ser ampliaos col tiempu, conforme&#8217;l part\u00edu vaiga conociendo en persona (o con informaciones que nos lleguen o nos inform\u00e9is) el territoriu nacional, llenu de problemes y poques soluciones reales. Vamos [&hellip;]<\/p>\n","protected":false},"author":1,"featured_media":0,"parent":0,"menu_order":0,"comment_status":"closed","ping_status":"closed","template":"","meta":{"footnotes":""},"class_list":["post-1213","page","type-page","status-publish","hentry"],"lang":"atln","translations":{"atln":1213,"ca":1118,"es":17,"eu":1144,"val":1156,"gl":1178,"an":1195},"_links":{"self":[{"href":"https:\/\/renacerenaixer.es\/atln\/wp-json\/wp\/v2\/pages\/1213","targetHints":{"allow":["GET"]}}],"collection":[{"href":"https:\/\/renacerenaixer.es\/atln\/wp-json\/wp\/v2\/pages"}],"about":[{"href":"https:\/\/renacerenaixer.es\/atln\/wp-json\/wp\/v2\/types\/page"}],"author":[{"embeddable":true,"href":"https:\/\/renacerenaixer.es\/atln\/wp-json\/wp\/v2\/users\/1"}],"replies":[{"embeddable":true,"href":"https:\/\/renacerenaixer.es\/atln\/wp-json\/wp\/v2\/comments?post=1213"}],"version-history":[{"count":7,"href":"https:\/\/renacerenaixer.es\/atln\/wp-json\/wp\/v2\/pages\/1213\/revisions"}],"predecessor-version":[{"id":1411,"href":"https:\/\/renacerenaixer.es\/atln\/wp-json\/wp\/v2\/pages\/1213\/revisions\/1411"}],"wp:attachment":[{"href":"https:\/\/renacerenaixer.es\/atln\/wp-json\/wp\/v2\/media?parent=1213"}],"curies":[{"name":"wp","href":"https:\/\/api.w.org\/{rel}","templated":true}]}}